e 121 - (-9)/6*-2. Is 15 a factor of (-3)/(-2)*u/3?
False
Let j be (-3 - -2)*8 + 2. Is 3 a factor of j/(-10)*(9 + -4)?
True
Let n(q) = -q**3 + 7*q**2 + 9*q - 2. Let l be n(8). Is (0 - -3)*26/l a multiple of 9?
False
Let c = -4 + 7. Suppose -2*q + q = -4*k - c, -4*k - 18 = 2*q. Does 6 divide (-8)/(-1) - (k + 1)?
False
Let b(k) = -k**3 - 11*k**2 - 23*k - 25. Does 21 divide b(-10)?
True
Let h(j) = -j**3 - 5*j**2 - 2. Let t be h(-4). Let c = 1 - t. Is 18 a factor of c?
False
Let o(u) = -u**2 - 12*u + 3. Let k(i) = 4*i + 3. Let a(c) = -c + 1. Let b(d) = -4*a(d) + k(d). Let s be b(-1). Is 15 a factor of o(s)?
True
Let l = -5 + 5. Suppose m - 4*w = -l*m + 49, 5*w - 10 = 0. Let g = -28 + m. Is 15 a factor of g?
False
Suppose 5 = -2*i - 3*i. Let a(u) = 70*u**2 + 1. Does 18 divide a(i)?
False
Suppose 2*w + 8 = -3*s, 4*w + 38 = -s + 12. Let q = w - -11. Suppose -q*g + 3*g + 3*a = -9, -5*g = 5*a - 145. Does 8 divide g?
True
Suppose -5*d = -10*d - 65. Let p(u) = u + 31. Is 6 a factor of p(d)?
True
Let v(x) = 2*x**2 - 2*x - 17. Is v(6) a multiple of 12?
False
Let l(h) = 4*h**2 - 4*h + 13. Let j(b) = -3*b**2 + 5*b - 12. Let y(x) = -3*j(x) - 2*l(x). Is 9 a factor of y(7)?
False
Let u be 3/(-9)*(-45)/5. Let s = u - -21. Is 10 a factor of s?
False
Suppose 2*v + 152 = 5*o, -3*v = 5*o - v - 168. Is o a multiple of 8?
True
Let p = -90 + 173. Suppose 3 = -4*r + p. Does 19 divide r?
False
Let o be (-55)/(-35) - 6/(-14). Let n = o - -6. Does 4 divide n?
True
Suppose -2*s - 7 = 1. Let m(p) = 7*p - 4. Let g be m(-2). Is (s/6)/(4/g) even?
False
Is 13 a factor of (-1 - 7)/((-6)/39)?
True
Suppose h = -2*p - 2*h + 113, p = -3*h + 55. Let i = p + 7. Suppose 2*d + 25 - i = 0. Is 10 a factor of d?
True
Let b(t) = t**2 - 7. Suppose -4*d = -0 - 32. Does 19 divide b(d)?
True
Let g(l) = l**2 + 5*l + 2. Let v be g(-5). Suppose 9 = -v*w + 31. Does 11 divide w?
True
Let k be 2/(3/((-45)/(-6))). Let i(x) = -x**2 + 7*x - 7. Is 2 a factor of i(k)?
False
Let j(x) = -x. Let o be j(-5). Let g = -13 - -17. Suppose -o*v + 14 = -g*v. Does 6 divide v?
False
Let y(b) = 2*b**2 - 7*b - 3. Let r be y(7). Suppose -w - w + r = 0. Does 11 divide w?
False
Let g = 29 - -83. Is 18 a factor of (-4)/6 + g/6?
True
Is (0 - 4 - -8) + 172 a multiple of 14?
False
Let m = 9 + -2. Is m a multiple of 7?
True
Suppose -8*r + 110 = -3*r. Is r a multiple of 10?
False
Suppose -4*v + 60 = -2*n, -v - 4*n - 29 = -2*v. Is v a multiple of 5?
False
Let h = 0 - 7. Let q(p) = -p - 3. Is 4 a factor of q(h)?
True
Suppose 544 = 19*v - 3845. Does 27 divide v?
False
Is 7 a factor of (-27)/3*(-26)/3?
False
Let k(p) be the first derivative of p**5/40 + p**4/24 + 2*p**3/3 + 3. Let x(g) be the third derivative of k(g). Is 5 a factor of x(2)?
False
Let x(m) = m + 6. Let y be x(-10). Let g(i) = i. Let c be g(y). Let k(s) = -s + 3. Is 7 a factor of k(c)?
True
Let o = 13 + -11. Does 19 divide ((-114)/o)/((-3)/2)?
True
Let q be ((-358)/3)/(2/(-6)). Suppose 0 = -4*z + 5*l + q, -3*l + 26 = -3*z + 296. Is z a multiple of 30?
False
Let n = 111 - 63. Does 24 divide n?
True
Let i(j) = 6 + 3*j**3 + j**2 - 4*j**3 + j + 0*j. Is i(0) a multiple of 5?
False
Let o(f) = -7*f - 8. Does 14 divide o(-5)?
False
Let x = 8 + -11. Let k(n) = -2*n**3 - 10*n**2 + 7*n - 7. Let t(g) = -2*g**3 - 9*g**2 + 6*g - 6. Let c(p) = -5*k(p) + 6*t(p). Is 7 a factor of c(x)?
True
Let q(z) = 11 - 5*z - 6 + 2*z. Does 8 divide q(-9)?
True
Let p = -7 + 11. Suppose -p*q = -4*a + 80, 0*q - 3*q - 2*a - 40 = 0. Let d = q - -30. Is 5 a factor of d?
False
Let w = 15 + -13. Does 2 divide w?
True
Is 18 a factor of 142 + 5/(5/2)?
True
Suppose -2*d + 0*d = v - 41, -223 = -5*v - 4*d. Is v a multiple of 6?
False
Let p(c) = -9. Let n(h) = -h - 8. Let i(s) = 3*n(s) - 4*p(s). Is 11 a factor of i(-5)?
False
Let k(y) = -2*y**3 - 8*y**2 - 4*y - 6. Is k(-4) a multiple of 5?
True
Suppose 4*p - 3 - 1 = 0. Let y = p - 1. Is 14 a factor of 0 + (17 - y/(-1))?
False
Suppose -2 + 8 = 3*b. Suppose 13 = 2*k - 3*v - 2, -3*k - b*v = -29. Does 9 divide k?
True
Let z(a) = -a**2 - 5*a + 7. Let d be z(-6). Is 16 a factor of d/(0 + 2/42)?
False
Suppose -6*k = -2*k + 428. Let j = k - -192. Let r = j - 33. Is r a multiple of 14?
False
Suppose -4*y - 4 = -5*y. Suppose 6*g - g + 2 = 3*x, y*x - 3*g = 10. Suppose j = 3*t - 0*t + 28, x*t + 32 = j. Is 8 a factor of j?
True
Suppose r - 2 = 15. Is r a multiple of 15?
False
Let m be (-14)/(-8) - (-4)/16. Suppose m*n + 5*l = -2, l - 3 = -2*n + 3. Does 11 divide 6/n*(-88)/(-6)?
True
Let m = -51 + 99. Is m a multiple of 12?
True
Let k = 87 - 39. Is k a multiple of 39?
False
Let h(x) = -66*x + 4. Is 34 a factor of h(-2)?
True
Let d(z) = -6*z**2 - 5*z + 3. Let s be d(3). Let x be (0 - -1)/(2/s). Let c = 56 + x. Does 16 divide c?
False
Let r = -51 - -296. Is 15 a factor of r?
False
Let k = 295 + -125. Is k a multiple of 35?
False
Let g(k) = -k**2 + 3*k - 2. Let i be g(2). Suppose -7 + 1 = 3*v, 14 = 2*r - 4*v. Is i + (42/r - 0) a multiple of 13?
False
Let z(a) = 3*a - a + 0*a**2 + 2 - 3*a + 3*a**3 - 2*a**2. Is 4 a factor of z(2)?
True
Does 17 divide (-40)/(-50)*(-350)/(-4)?
False
Let k = -9 + 42. Is 9 a factor of k?
False
Let w(y) = y**2 - 3*y. Let t be w(4). Let s(c) = c + c + 7*c - t. Is 13 a factor of s(4)?
False
Suppose -2*g + 0*x + 32 = 2*x, 0 = -5*g - 4*x + 76. Suppose -4*n + g = -n. Does 3 divide n?
False
Let k = 128 - 80. Is 12 a factor of k?
True
Let g = 5 - 22. Let z = g - -49. Does 16 divide z?
True
Is 23 a factor of 102 + (44/(-20) + 2)*-5?
False
Let c be 116/24 + 1/6. Suppose 76 = -3*s - c*q, -3 = 3*q - 6*q. Let b = 48 + s. Is 21 a factor of b?
True
Let k = 185 - 131. Let z = k - 33. Suppose -z = -3*y + 45. Is 6 a factor of y?
False
Let x be (-2)/7 - (-4)/14. Let i be 0 + (18*5 - 1). Suppose -4*q + a + 109 = x, a = 4*q + 4*a - i. Does 9 divide q?
False
Let t be (-3 - -2)/((-1)/5). Suppose -3*v + 0*v = -t*g + 446, 3*g - 266 = v. Suppose 5*r - g = -5*m + 32, r + 56 = 3*m. Does 10 divide m?
True
Suppose -2*n - 2*h - 7 = -5*n, 2*n - h - 5 = 0. Suppose 0 = -b - 4 + n. Does 13 divide (19/3)/(b/(-6))?
False
Let s be 1*(2 - -1) + -2. Suppose -2 - 3 = -k. Suppose 2*g = y, -2 = 2*y - k*g - s. Is 2 a factor of y?
True
Let s be -1 - -49 - 3/(-3). Let k = -28 + s. Does 21 divide k?
True
Suppose -9 = -3*p - 0*p. Suppose 3*c = -p*t, 8 = c + 2*c + t. Let v(x) = -x**3 + 5*x**2 - x - 1. Is v(c) a multiple of 4?
False
Let q = -3 - -6. Let h(o) = 6*o**2 + 0*o**3 - 2*o**3 + o**q + 2*o - 6 + 2*o. Is h(6) a multiple of 18?
True
Let z = -18 - -51. Is 33 a factor of z?
True
Suppose z + 22 = -0*y + 5*y, -5*y + 5*z + 10 = 0. Does 3 divide y?
False
Let d be (15/9 + -2)*-12. Suppose 0 = z + d, -r + 21 + 21 = -z. Does 16 divide r?
False
Suppose -2*v = u - 50, -126 = -u - 2*u + 2*v. Is u a multiple of 22?
True
Let u = 5 - 1. Suppose -2*t = -3*v - 105, -u*t - 5*v + 256 = -9. Is t a multiple of 20?
True
Let f(r) = 2*r**2 - 2*r + 4. Is f(3) a multiple of 9?
False
Let n(j) = -2*j**3 - 2*j**2 - 10. Is n(-5) a multiple of 9?
False
Let y(z) be the second derivative of z**4/4 - 2*z**3/3 - 2*z**2 + 8*z. Does 12 divide y(-4)?
True
Suppose 0 = 5*a - 5*h - 135, -h + 3*h = -2*a + 70. Suppose -5*g = -139 - a. Does 17 divide g?
True
Let o be 8/6*(-18)/(-12). Suppose -5*c - 4*d = -65, 0 = -o*c - 0*d - 2*d + 28. Is 9 a factor of c?
True
Let j(u) be the third derivative of u**6/40 - u**4/24 + 3*u**2. Let r be j(1). Suppose 125 = -r*c + 7*c. Is c a multiple of 15?
False
Suppose 32 = 3*s + s. Let z(x) = -s + 3*x - 5*x + x - x. Is 5 a factor of z(-9)?
True
Let b be (-5)/(1*(-1)/30). Let v = b - 105. Is 15 a factor of v?
True
Suppose 0*w = -3*w - 9. Let p(l) = -l**2 + 2*l + 1. Let b be p(w). Does 17 divide (-1 - b/4)*18?
False
Let m(p) = -p**3 - 11*p**2 - 14*p - 1. Is 13 a factor of m(-10)?
True
Let j = -36 - -41. Is j a multiple of 2?
False
Let j(s) = 3*s + 2. Let v be j(4). Suppose a = -a + v. Is a a multiple of 7?
True
Let t(a) = -4 + 88*a**2 + 9*a**2 + 3. Let k be t(-1). Suppose 0 = 5*j + 3*y - k, 2*y = -3*y - 15. Does 15 divide j?
False
Let r be (-24)/9*6/(-4). Suppose r*c = 29 + 355. Is 32 a factor of c?
True
Suppose -s + 5*w + 28 = 0, 6*w - w - 87 = -4*s. Is 11 a factor of s?
False
Let t(l) = 2*l**2 - 13*l + 9. Is t(8) a multiple of 11?
True
Suppose -q + 3*r - 82 = -3*q, 4*q - 5*r - 120 = 0. Suppose f + 13 